{"id":9993,"date":"2024-05-16T15:05:48","date_gmt":"2024-05-16T13:05:48","guid":{"rendered":"https:\/\/www.executiveprofiler.fr\/?page_id=9993"},"modified":"2024-05-29T11:37:18","modified_gmt":"2024-05-29T09:37:18","slug":"harcelojeu","status":"publish","type":"page","link":"https:\/\/www.executiveprofiler.fr\/index.php\/harcelojeu\/","title":{"rendered":"Harc\u00e8lojeu"},"content":{"rendered":"<p>[et_pb_section fb_built=&#8221;1&#8243; fullwidth=&#8221;on&#8221; _builder_version=&#8221;4.17.6&#8243; _module_preset=&#8221;default&#8221; global_colors_info=&#8221;{}&#8221;][et_pb_fullwidth_image src=&#8221;https:\/\/www.executiveprofiler.fr\/wp-content\/uploads\/2024\/05\/Banniere-page-du-site-14.png&#8221; alt=&#8221;Banni\u00e8re Hrac\u00e8lojeu&#8221; title_text=&#8221;Banni\u00e8re page du site (14)&#8221; _builder_version=&#8221;4.17.6&#8243; _module_preset=&#8221;default&#8221; global_colors_info=&#8221;{}&#8221;][\/et_pb_fullwidth_image][\/et_pb_section][et_pb_section fb_built=&#8221;1&#8243; admin_label=&#8221;Classes Section&#8221; _builder_version=&#8221;4.17.6&#8243; background_color=&#8221;#fafbfc&#8221; background_image=&#8221;https:\/\/www.executiveprofiler.fr\/wp-content\/uploads\/2024\/03\/Fond-de-site-2.png&#8221; custom_padding=&#8221;26px|0px|18px|0px||&#8221; global_colors_info=&#8221;{}&#8221;][et_pb_row use_custom_gutter=&#8221;on&#8221; gutter_width=&#8221;2&#8243; admin_label=&#8221;Class&#8221; _builder_version=&#8221;4.17.6&#8243; background_color=&#8221;#ffffff&#8221; custom_margin=&#8221;||60px|&#8221; custom_padding=&#8221;|40px||40px&#8221; animation_style=&#8221;fade&#8221; border_radii=&#8221;on|20px|20px|20px|20px&#8221; box_shadow_style=&#8221;preset1&#8243; box_shadow_vertical=&#8221;10px&#8221; box_shadow_blur=&#8221;24px&#8221; box_shadow_spread=&#8221;6px&#8221; box_shadow_color=&#8221;rgba(0,0,0,0.06)&#8221; global_colors_info=&#8221;{}&#8221;][et_pb_column type=&#8221;4_4&#8243; _builder_version=&#8221;4.16&#8243; custom_padding=&#8221;|||&#8221; global_colors_info=&#8221;{}&#8221; custom_padding__hover=&#8221;|||&#8221;][et_pb_text _builder_version=&#8221;4.17.6&#8243; _module_preset=&#8221;default&#8221; custom_padding=&#8221;||0px|||&#8221; global_colors_info=&#8221;{}&#8221;]<\/p>\n<h1 style=\"text-align: center;\"><strong><span style=\"color: #0b4580;\">Le Harc\u00e8lojeu : quand le jeu devient un outil de <\/span><\/strong><\/h1>\n<h1 style=\"text-align: center;\"><strong><span style=\"color: #0b4580;\">pr\u00e9vention contre le harc\u00e8lement<\/span><\/strong><\/h1>\n<p>[\/et_pb_text][\/et_pb_column][\/et_pb_row][et_pb_row column_structure=&#8221;1_2,1_2&#8243; use_custom_gutter=&#8221;on&#8221; gutter_width=&#8221;2&#8243; admin_label=&#8221;Class&#8221; _builder_version=&#8221;4.17.6&#8243; background_color=&#8221;#ffffff&#8221; custom_margin=&#8221;||60px|&#8221; custom_padding=&#8221;|40px||40px&#8221; animation_style=&#8221;fade&#8221; border_radii=&#8221;on|20px|20px|20px|20px&#8221; box_shadow_style=&#8221;preset1&#8243; box_shadow_vertical=&#8221;10px&#8221; box_shadow_blur=&#8221;24px&#8221; box_shadow_spread=&#8221;6px&#8221; box_shadow_color=&#8221;rgba(0,0,0,0.06)&#8221; global_colors_info=&#8221;{}&#8221;][et_pb_column type=&#8221;1_2&#8243; _builder_version=&#8221;4.16&#8243; custom_padding=&#8221;|||&#8221; global_colors_info=&#8221;{}&#8221; custom_padding__hover=&#8221;|||&#8221;][et_pb_text _builder_version=&#8221;4.17.6&#8243; _module_preset=&#8221;default&#8221; custom_padding=&#8221;8px||0px|||&#8221; global_colors_info=&#8221;{}&#8221;]<\/p>\n<h2 style=\"text-align: center;\"><span style=\"color: #0b4580;\">Qu&#8217;est ce que le harc\u00e8lement ?<\/span><\/h2>\n<p>[\/et_pb_text][et_pb_text _builder_version=&#8221;4.17.6&#8243; _module_preset=&#8221;default&#8221; custom_padding=&#8221;||0px|||&#8221; global_colors_info=&#8221;{}&#8221;]<\/p>\n<p class=\"cvGsUA direction-ltr align-justify para-style-body\" style=\"text-align: justify;\">Le <strong>harc\u00e8lement<\/strong> est un <strong>comportement r\u00e9p\u00e9titif<\/strong>\u00a0visant \u00e0 <strong>intimider, humilier ou blesser<\/strong> une personne, et peut se manifester <strong>physiquement, verbalement, psychologiquement ou en ligne<\/strong>.<\/p>\n<p class=\"cvGsUA direction-ltr align-justify para-style-body\" style=\"text-align: justify;\"><span class=\"OYPEnA text-decoration-none text-strikethrough-none\">Selon les sources, <strong>17,9% des salari\u00e9s<\/strong> ont subi du <strong>harc\u00e8lement psychologique<\/strong> et <strong>8,5% du harc\u00e8lement physique<\/strong> au travail.<\/span><\/p>\n<p class=\"cvGsUA direction-ltr align-justify para-style-body\" style=\"text-align: justify;\"><span class=\"OYPEnA text-decoration-none text-strikethrough-none\">Concernant le <strong>harc\u00e8lement scolaire<\/strong> c\u2019est plus <strong>de 10% des \u00e9l\u00e8ves<\/strong>\u00a0qui en est victime.<\/span><span class=\"OYPEnA text-decoration-none text-strikethrough-none white-space-prewrap\"> <\/span><\/p>\n<p>[\/et_pb_text][\/et_pb_column][et_pb_column type=&#8221;1_2&#8243; _builder_version=&#8221;4.16&#8243; custom_padding=&#8221;|||&#8221; global_colors_info=&#8221;{}&#8221; custom_padding__hover=&#8221;|||&#8221;][et_pb_image src=&#8221;https:\/\/www.executiveprofiler.fr\/wp-content\/uploads\/2024\/05\/Stop-au-harcelement-300&#215;300.png&#8221; alt=&#8221;Stop au harc\u00e8lement&#8221; title_text=&#8221;Stop au harc\u00e8lement&#8221; align=&#8221;center&#8221; _builder_version=&#8221;4.17.6&#8243; _module_preset=&#8221;default&#8221; custom_padding=&#8221;|||8px||&#8221; border_radii=&#8221;on|20px|20px|20px|20px&#8221; global_colors_info=&#8221;{}&#8221;][\/et_pb_image][\/et_pb_column][\/et_pb_row][\/et_pb_section][et_pb_section fb_built=&#8221;1&#8243; admin_label=&#8221;Classes Section&#8221; _builder_version=&#8221;4.17.6&#8243; background_color=&#8221;#fafbfc&#8221; background_image=&#8221;https:\/\/www.executiveprofiler.fr\/wp-content\/uploads\/2024\/03\/Fond-de-site-3.png&#8221; custom_padding=&#8221;26px|0px|18px|0px||&#8221; global_colors_info=&#8221;{}&#8221;][et_pb_row column_structure=&#8221;1_2,1_2&#8243; _builder_version=&#8221;4.17.6&#8243; _module_preset=&#8221;default&#8221; global_colors_info=&#8221;{}&#8221;][et_pb_column type=&#8221;1_2&#8243; _builder_version=&#8221;4.17.6&#8243; _module_preset=&#8221;default&#8221; global_colors_info=&#8221;{}&#8221;][et_pb_image src=&#8221;https:\/\/www.executiveprofiler.fr\/wp-content\/uploads\/2024\/05\/flyer.png&#8221; alt=&#8221;Flyer harc\u00e8lojeu&#8221; title_text=&#8221;flyer&#8221; _builder_version=&#8221;4.17.6&#8243; _module_preset=&#8221;default&#8221; border_radii=&#8221;on|20px|20px|20px|20px&#8221; box_shadow_style=&#8221;preset1&#8243; global_colors_info=&#8221;{}&#8221;][\/et_pb_image][\/et_pb_column][et_pb_column type=&#8221;1_2&#8243; _builder_version=&#8221;4.17.6&#8243; _module_preset=&#8221;default&#8221; global_colors_info=&#8221;{}&#8221;][et_pb_text _builder_version=&#8221;4.17.6&#8243; _module_preset=&#8221;default&#8221; global_colors_info=&#8221;{}&#8221;]<\/p>\n<h2 style=\"text-align: center;\"><span style=\"color: #000080;\"><span style=\"color: #0b4580;\"><\/span><\/span><\/h2>\n<h2 style=\"text-align: center;\"><span style=\"color: #000080;\"><span style=\"color: #0b4580;\"><\/span><\/span><\/h2>\n<h2 style=\"text-align: center;\"><span style=\"color: #000080;\"><span style=\"color: #0b4580;\">Qu&#8217;est ce que le Harc\u00e8lojeu ?<\/span><\/span><\/h2>\n<p>[\/et_pb_text][et_pb_text _builder_version=&#8221;4.17.6&#8243; _module_preset=&#8221;default&#8221; text_line_height=&#8221;2.1em&#8221; background_color=&#8221;#FFFFFF&#8221; text_orientation=&#8221;justified&#8221; module_alignment=&#8221;center&#8221; custom_padding=&#8221;20px|20px|20px|20px|true|true&#8221; border_radii=&#8221;on|20px|20px|20px|20px&#8221; box_shadow_style=&#8221;preset1&#8243; global_colors_info=&#8221;{}&#8221;]<\/p>\n<p class=\"cvGsUA direction-ltr align-justify para-style-body\" style=\"text-align: justify;\"><span class=\"OYPEnA text-decoration-none text-strikethrough-none\">En 2024 nous<\/span><span class=\"OYPEnA text-decoration-none text-strikethrough-none white-space-prewrap\"> <\/span><span class=\"OYPEnA text-decoration-none text-strikethrough-none\">avons donc d\u00e9cid\u00e9 de mettre en place un <\/span><span class=\"OYPEnA text-decoration-none text-strikethrough-none\"><strong>jeu de pr\u00e9vention<\/strong> sur la th\u00e9matique du <strong>harc\u00e8lement<\/strong> car cela<\/span><span class=\"OYPEnA text-decoration-none text-strikethrough-none\"> offre une mani\u00e8re <\/span><strong><span class=\"OYPEnA text-decoration-none text-strikethrough-none\">interactive <\/span><span class=\"OYPEnA text-decoration-none text-strikethrough-none\">et <\/span><\/strong><span class=\"OYPEnA text-decoration-none text-strikethrough-none\"><strong>engageante<\/strong> <\/span><span class=\"OYPEnA text-decoration-none text-strikethrough-none\">de <\/span><strong><span class=\"OYPEnA text-decoration-none text-strikethrough-none\">sensibiliser<\/span><span class=\"OYPEnA text-decoration-none text-strikethrough-none\">, <\/span><span class=\"OYPEnA text-decoration-none text-strikethrough-none\">\u00e9duquer <\/span><span class=\"OYPEnA text-decoration-none text-strikethrough-none\">et <\/span><span class=\"OYPEnA text-decoration-none text-strikethrough-none\">pr\u00e9venir <\/span><\/strong><span class=\"OYPEnA text-decoration-none text-strikethrough-none\">sur<\/span><span class=\"OYPEnA text-decoration-none text-strikethrough-none\"> <\/span><span class=\"OYPEnA text-decoration-none text-strikethrough-none\">cette probl\u00e9matique. L\u2019approche <\/span><span class=\"OYPEnA text-decoration-none text-strikethrough-none\">ludique <\/span><span class=\"OYPEnA text-decoration-none text-strikethrough-none\">d\u00e9samorce la stigmatisation et renforce l&#8217;apprentissage, offrant ainsi une mani\u00e8re efficace d&#8217;aborder ce <\/span><span class=\"OYPEnA text-decoration-none text-strikethrough-none\">sujet <\/span><span class=\"OYPEnA text-decoration-none text-strikethrough-none\">souvent <\/span><span class=\"OYPEnA text-decoration-none text-strikethrough-none\">difficile<\/span><span class=\"OYPEnA text-decoration-none text-strikethrough-none\">.<\/span><\/p>\n<p class=\"cvGsUA direction-ltr align-justify para-style-body\" style=\"text-align: justify;\"><span class=\"OYPEnA text-decoration-none text-strikethrough-none\">Le jeu se d\u00e9compose en <\/span><span class=\"OYPEnA text-decoration-none text-strikethrough-none\"><strong>2 parties<\/strong> :<\/span><\/p>\n<p class=\"cvGsUA direction-ltr align-justify para-style-body\" style=\"text-align: justify;\"><span class=\"OYPEnA text-decoration-none text-strikethrough-none\">Dans la premi\u00e8re partie chaque joueur commence avec les <strong>3 cartes harc\u00e8lom\u00e8tre<\/strong> dans les mains. L\u2019objectif est de placer la bonne carte harc\u00e8lom\u00e8tre selon le <strong>degr\u00e9 de harc\u00e8lement<\/strong> de la carte comportement tir\u00e9e. Si la r\u00e9ponse est bonne le joueur <strong>gagne un point<\/strong>.<\/span><\/p>\n<p class=\"cvGsUA direction-ltr align-justify para-style-body\" style=\"text-align: justify;\"><span class=\"OYPEnA text-decoration-none text-strikethrough-none\">Dans la seconde partie des \u00e9quipes de 2 personnes minimum sont constitu\u00e9es al\u00e9atoirement. Distribuer<\/span><strong><span class=\"OYPEnA text-decoration-none text-strikethrough-none\"> 2 feuilles solution<\/span><\/strong><span class=\"OYPEnA text-decoration-none text-strikethrough-none\"> par \u00e9quipe. Les <\/span><strong><span class=\"OYPEnA text-decoration-none text-strikethrough-none\">cartes comportement<\/span><\/strong><span class=\"OYPEnA text-decoration-none text-strikethrough-none\"> sont rem\u00e9lang\u00e9es. Chaque \u00e9quipe re\u00e7oit au hasard <\/span><strong><span class=\"OYPEnA text-decoration-none text-strikethrough-none\">2 cartes comportement<\/span><\/strong><span class=\"OYPEnA text-decoration-none text-strikethrough-none\">. Sur chaque <\/span><span class=\"OYPEnA text-decoration-none text-strikethrough-none\">feuille solution<\/span><span class=\"OYPEnA text-decoration-none text-strikethrough-none\"> les joueurs sont invit\u00e9s \u00e0 \u00e9crire des solutions qu\u2019ils proposeraient de mettre en place.<\/span><\/p>\n<p>[\/et_pb_text][et_pb_button button_url=&#8221;@ET-DC@eyJkeW5hbWljIjp0cnVlLCJjb250ZW50IjoicG9zdF9saW5rX3VybF9wYWdlIiwic2V0dGluZ3MiOnsicG9zdF9pZCI6IjE3MTQifX0=@&#8221; button_text=&#8221;En savoir plus sur le Harc\u00e8lojeu Scolaire&#8221; button_alignment=&#8221;center&#8221; _builder_version=&#8221;4.17.6&#8243; _dynamic_attributes=&#8221;button_url&#8221; _module_preset=&#8221;default&#8221; global_colors_info=&#8221;{}&#8221;][\/et_pb_button][et_pb_button button_url=&#8221;@ET-DC@eyJkeW5hbWljIjp0cnVlLCJjb250ZW50IjoicG9zdF9saW5rX3VybF9wYWdlIiwic2V0dGluZ3MiOnsicG9zdF9pZCI6IjE3MTQifX0=@&#8221; button_text=&#8221;En savoir plus sur le Harc\u00e8lojeu Entreprise&#8221; button_alignment=&#8221;center&#8221; _builder_version=&#8221;4.17.6&#8243; _dynamic_attributes=&#8221;button_url&#8221; _module_preset=&#8221;default&#8221; global_colors_info=&#8221;{}&#8221;][\/et_pb_button][\/et_pb_column][\/et_pb_row][\/et_pb_section][et_pb_section fb_built=&#8221;1&#8243; admin_label=&#8221;Classes Section&#8221; _builder_version=&#8221;4.17.6&#8243; background_color=&#8221;#fafbfc&#8221; background_image=&#8221;https:\/\/www.executiveprofiler.fr\/wp-content\/uploads\/2024\/03\/Fond-de-site-2.png&#8221; custom_padding=&#8221;26px|0px|18px|0px||&#8221; global_colors_info=&#8221;{}&#8221;][et_pb_row _builder_version=&#8221;4.17.6&#8243; _module_preset=&#8221;default&#8221; global_colors_info=&#8221;{}&#8221;][et_pb_column type=&#8221;4_4&#8243; _builder_version=&#8221;4.17.6&#8243; _module_preset=&#8221;default&#8221; global_colors_info=&#8221;{}&#8221;][et_pb_divider color=&#8221;#0b4580&#8243; divider_weight=&#8221;5px&#8221; _builder_version=&#8221;4.17.6&#8243; _module_preset=&#8221;default&#8221; global_colors_info=&#8221;{}&#8221;][\/et_pb_divider][\/et_pb_column][\/et_pb_row][et_pb_row column_structure=&#8221;1_2,1_2&#8243; _builder_version=&#8221;4.17.6&#8243; _module_preset=&#8221;default&#8221; background_color=&#8221;#FFFFFF&#8221; custom_margin=&#8221;50px||50px||true|false&#8221; border_radii=&#8221;on|20px|20px|20px|20px&#8221; box_shadow_style=&#8221;preset1&#8243; global_colors_info=&#8221;{}&#8221;][et_pb_column type=&#8221;1_2&#8243; _builder_version=&#8221;4.17.6&#8243; _module_preset=&#8221;default&#8221; global_colors_info=&#8221;{}&#8221;][et_pb_image src=&#8221;https:\/\/www.executiveprofiler.fr\/wp-content\/uploads\/2024\/05\/Appel-300&#215;300.png&#8221; alt=&#8221;Num\u00e9ro pour lutter contre le harc\u00e8lement&#8221; title_text=&#8221;Appel&#8221; align=&#8221;center&#8221; _builder_version=&#8221;4.17.6&#8243; _module_preset=&#8221;default&#8221; border_radii=&#8221;on|20px|20px|20px|20px&#8221; global_colors_info=&#8221;{}&#8221;][\/et_pb_image][\/et_pb_column][et_pb_column type=&#8221;1_2&#8243; _builder_version=&#8221;4.17.6&#8243; _module_preset=&#8221;default&#8221; global_colors_info=&#8221;{}&#8221;][et_pb_text _builder_version=&#8221;4.17.6&#8243; _module_preset=&#8221;default&#8221; text_line_height=&#8221;2.1em&#8221; background_color=&#8221;#FFFFFF&#8221; text_orientation=&#8221;justified&#8221; module_alignment=&#8221;center&#8221; custom_padding=&#8221;20px|30px|20px|30px|true|true&#8221; border_radii=&#8221;on|20px|20px|20px|20px&#8221; global_colors_info=&#8221;{}&#8221;]<\/p>\n<p class=\"cvGsUA direction-ltr align-justify para-style-body\" style=\"text-align: justify;\"><span class=\"OYPEnA text-decoration-none text-strikethrough-none\">Si tu subis ou bien si tu connais quelqu\u2019un <strong>victime de harc\u00e8lement<\/strong> des num\u00e9ros existent tel que :<\/span><\/p>\n<ul>\n<li style=\"text-align: justify;\"><span class=\"OYPEnA text-decoration-none text-strikethrough-none\">le <\/span><strong><span class=\"OYPEnA text-decoration-none text-strikethrough-none\">3020<\/span><\/strong><span class=\"OYPEnA text-decoration-none text-strikethrough-none\">, ce num\u00e9ro national est d\u00e9di\u00e9 aux victimes, aux parents et aux professionnels confront\u00e9s au harc\u00e8lement scolaire<\/span><\/li>\n<li style=\"text-align: justify;\"><span class=\"OYPEnA text-decoration-none text-strikethrough-none\">le <\/span><span class=\"OYPEnA text-decoration-none text-strikethrough-none\"><strong>3018<\/strong>, <\/span><span class=\"OYPEnA text-decoration-none text-strikethrough-none\">ce num\u00e9ro national est d\u00e9di\u00e9 aux victimes de cyberharc\u00e8lement<\/span><span class=\"OYPEnA text-decoration-none text-strikethrough-none white-space-prewrap\"> <\/span><\/li>\n<li style=\"text-align: justify;\"><span class=\"OYPEnA text-decoration-none text-strikethrough-none\">le <\/span><strong><span class=\"OYPEnA text-decoration-none text-strikethrough-none\">17<\/span><\/strong><span class=\"OYPEnA text-decoration-none text-strikethrough-none\">, ce num\u00e9ro permet de joindre la police ou la gendarmerie, en cas de toute forme d\u2019harc\u00e8lement y compris celle en entreprise .<\/span><\/li>\n<\/ul>\n<p>[\/et_pb_text][\/et_pb_column][\/et_pb_row][\/et_pb_section]<\/p>\n","protected":false},"excerpt":{"rendered":"<p>Le Harc\u00e8lojeu : quand le jeu devient un outil de pr\u00e9vention contre le harc\u00e8lementQu&#8217;est ce que le harc\u00e8lement ?Le harc\u00e8lement est un comportement r\u00e9p\u00e9titif\u00a0visant \u00e0 intimider, humilier ou blesser une personne, et peut se manifester physiquement, verbalement, psychologiquement ou en ligne. Selon les sources, 17,9% des salari\u00e9s ont subi du harc\u00e8lement psychologique et 8,5% du [&hellip;]<\/p>\n","protected":false},"author":11,"featured_media":0,"parent":0,"menu_order":0,"comment_status":"closed","ping_status":"closed","template":"","meta":{"_et_pb_use_builder":"on","_et_pb_old_content":"","_et_gb_content_width":"","footnotes":""},"class_list":["post-9993","page","type-page","status-publish","hentry"],"yoast_head":"<!-- This site is optimized with the Yoast SEO plugin v27.4 - https:\/\/yoast.com\/product\/yoast-seo-wordpress\/ -->\n<title>Harc\u00e8lojeu - Executive Profiler<\/title>\n<meta name=\"description\" content=\"Le Harc\u00e8lojeu : quand le jeu devient un outil de pr\u00e9vention contre le harc\u00e8lement scolaire et professionnelle.\" \/>\n<meta name=\"robots\" content=\"index, follow, max-snippet:-1, max-image-preview:large, max-video-preview:-1\" \/>\n<link rel=\"canonical\" href=\"https:\/\/www.executiveprofiler.fr\/index.php\/harcelojeu\/\" \/>\n<meta property=\"og:locale\" content=\"fr_FR\" \/>\n<meta property=\"og:type\" content=\"article\" \/>\n<meta property=\"og:title\" content=\"Harc\u00e8lojeu - Executive Profiler\" \/>\n<meta property=\"og:description\" content=\"Le Harc\u00e8lojeu : quand le jeu devient un outil de pr\u00e9vention contre le harc\u00e8lement scolaire et professionnelle.\" \/>\n<meta property=\"og:url\" content=\"https:\/\/www.executiveprofiler.fr\/index.php\/harcelojeu\/\" \/>\n<meta property=\"og:site_name\" content=\"Executive Profiler\" \/>\n<meta property=\"article:publisher\" content=\"https:\/\/www.facebook.com\/executiveprofiler\" \/>\n<meta property=\"article:modified_time\" content=\"2024-05-29T09:37:18+00:00\" \/>\n<meta name=\"twitter:card\" content=\"summary_large_image\" \/>\n<meta name=\"twitter:label1\" content=\"Dur\u00e9e de lecture estim\u00e9e\" \/>\n\t<meta name=\"twitter:data1\" content=\"3 minutes\" \/>\n<script type=\"application\/ld+json\" class=\"yoast-schema-graph\">{\"@context\":\"https:\\\/\\\/schema.org\",\"@graph\":[{\"@type\":\"WebPage\",\"@id\":\"https:\\\/\\\/www.executiveprofiler.fr\\\/index.php\\\/harcelojeu\\\/\",\"url\":\"https:\\\/\\\/www.executiveprofiler.fr\\\/index.php\\\/harcelojeu\\\/\",\"name\":\"Harc\u00e8lojeu - Executive Profiler\",\"isPartOf\":{\"@id\":\"https:\\\/\\\/www.executiveprofiler.fr\\\/#website\"},\"datePublished\":\"2024-05-16T13:05:48+00:00\",\"dateModified\":\"2024-05-29T09:37:18+00:00\",\"description\":\"Le Harc\u00e8lojeu : quand le jeu devient un outil de pr\u00e9vention contre le harc\u00e8lement scolaire et professionnelle.\",\"breadcrumb\":{\"@id\":\"https:\\\/\\\/www.executiveprofiler.fr\\\/index.php\\\/harcelojeu\\\/#breadcrumb\"},\"inLanguage\":\"fr-FR\",\"potentialAction\":[{\"@type\":\"ReadAction\",\"target\":[\"https:\\\/\\\/www.executiveprofiler.fr\\\/index.php\\\/harcelojeu\\\/\"]}]},{\"@type\":\"BreadcrumbList\",\"@id\":\"https:\\\/\\\/www.executiveprofiler.fr\\\/index.php\\\/harcelojeu\\\/#breadcrumb\",\"itemListElement\":[{\"@type\":\"ListItem\",\"position\":1,\"name\":\"Accueil\",\"item\":\"https:\\\/\\\/www.executiveprofiler.fr\\\/\"},{\"@type\":\"ListItem\",\"position\":2,\"name\":\"Harc\u00e8lojeu\"}]},{\"@type\":\"WebSite\",\"@id\":\"https:\\\/\\\/www.executiveprofiler.fr\\\/#website\",\"url\":\"https:\\\/\\\/www.executiveprofiler.fr\\\/\",\"name\":\"Executive Profiler\",\"description\":\"R\u00e9v\u00e9lez votre Talents\",\"publisher\":{\"@id\":\"https:\\\/\\\/www.executiveprofiler.fr\\\/#organization\"},\"potentialAction\":[{\"@type\":\"SearchAction\",\"target\":{\"@type\":\"EntryPoint\",\"urlTemplate\":\"https:\\\/\\\/www.executiveprofiler.fr\\\/?s={search_term_string}\"},\"query-input\":{\"@type\":\"PropertyValueSpecification\",\"valueRequired\":true,\"valueName\":\"search_term_string\"}}],\"inLanguage\":\"fr-FR\"},{\"@type\":\"Organization\",\"@id\":\"https:\\\/\\\/www.executiveprofiler.fr\\\/#organization\",\"name\":\"Executive Profiler\",\"url\":\"https:\\\/\\\/www.executiveprofiler.fr\\\/\",\"logo\":{\"@type\":\"ImageObject\",\"inLanguage\":\"fr-FR\",\"@id\":\"https:\\\/\\\/www.executiveprofiler.fr\\\/#\\\/schema\\\/logo\\\/image\\\/\",\"url\":\"https:\\\/\\\/www.executiveprofiler.fr\\\/wp-content\\\/uploads\\\/2024\\\/05\\\/logo-EP-.png\",\"contentUrl\":\"https:\\\/\\\/www.executiveprofiler.fr\\\/wp-content\\\/uploads\\\/2024\\\/05\\\/logo-EP-.png\",\"width\":1148,\"height\":578,\"caption\":\"Executive Profiler\"},\"image\":{\"@id\":\"https:\\\/\\\/www.executiveprofiler.fr\\\/#\\\/schema\\\/logo\\\/image\\\/\"},\"sameAs\":[\"https:\\\/\\\/www.facebook.com\\\/executiveprofiler\",\"https:\\\/\\\/www.linkedin.com\\\/in\\\/norrito\\\/\",\"https:\\\/\\\/www.youtube.com\\\/channel\\\/UCVzcTreI5uP3M7ty0S_BHsw\"]}]}<\/script>\n<!-- \/ Yoast SEO plugin. -->","yoast_head_json":{"title":"Harc\u00e8lojeu - Executive Profiler","description":"Le Harc\u00e8lojeu : quand le jeu devient un outil de pr\u00e9vention contre le harc\u00e8lement scolaire et professionnelle.","robots":{"index":"index","follow":"follow","max-snippet":"max-snippet:-1","max-image-preview":"max-image-preview:large","max-video-preview":"max-video-preview:-1"},"canonical":"https:\/\/www.executiveprofiler.fr\/index.php\/harcelojeu\/","og_locale":"fr_FR","og_type":"article","og_title":"Harc\u00e8lojeu - Executive Profiler","og_description":"Le Harc\u00e8lojeu : quand le jeu devient un outil de pr\u00e9vention contre le harc\u00e8lement scolaire et professionnelle.","og_url":"https:\/\/www.executiveprofiler.fr\/index.php\/harcelojeu\/","og_site_name":"Executive Profiler","article_publisher":"https:\/\/www.facebook.com\/executiveprofiler","article_modified_time":"2024-05-29T09:37:18+00:00","twitter_card":"summary_large_image","twitter_misc":{"Dur\u00e9e de lecture estim\u00e9e":"3 minutes"},"schema":{"@context":"https:\/\/schema.org","@graph":[{"@type":"WebPage","@id":"https:\/\/www.executiveprofiler.fr\/index.php\/harcelojeu\/","url":"https:\/\/www.executiveprofiler.fr\/index.php\/harcelojeu\/","name":"Harc\u00e8lojeu - Executive Profiler","isPartOf":{"@id":"https:\/\/www.executiveprofiler.fr\/#website"},"datePublished":"2024-05-16T13:05:48+00:00","dateModified":"2024-05-29T09:37:18+00:00","description":"Le Harc\u00e8lojeu : quand le jeu devient un outil de pr\u00e9vention contre le harc\u00e8lement scolaire et professionnelle.","breadcrumb":{"@id":"https:\/\/www.executiveprofiler.fr\/index.php\/harcelojeu\/#breadcrumb"},"inLanguage":"fr-FR","potentialAction":[{"@type":"ReadAction","target":["https:\/\/www.executiveprofiler.fr\/index.php\/harcelojeu\/"]}]},{"@type":"BreadcrumbList","@id":"https:\/\/www.executiveprofiler.fr\/index.php\/harcelojeu\/#breadcrumb","itemListElement":[{"@type":"ListItem","position":1,"name":"Accueil","item":"https:\/\/www.executiveprofiler.fr\/"},{"@type":"ListItem","position":2,"name":"Harc\u00e8lojeu"}]},{"@type":"WebSite","@id":"https:\/\/www.executiveprofiler.fr\/#website","url":"https:\/\/www.executiveprofiler.fr\/","name":"Executive Profiler","description":"R\u00e9v\u00e9lez votre Talents","publisher":{"@id":"https:\/\/www.executiveprofiler.fr\/#organization"},"potentialAction":[{"@type":"SearchAction","target":{"@type":"EntryPoint","urlTemplate":"https:\/\/www.executiveprofiler.fr\/?s={search_term_string}"},"query-input":{"@type":"PropertyValueSpecification","valueRequired":true,"valueName":"search_term_string"}}],"inLanguage":"fr-FR"},{"@type":"Organization","@id":"https:\/\/www.executiveprofiler.fr\/#organization","name":"Executive Profiler","url":"https:\/\/www.executiveprofiler.fr\/","logo":{"@type":"ImageObject","inLanguage":"fr-FR","@id":"https:\/\/www.executiveprofiler.fr\/#\/schema\/logo\/image\/","url":"https:\/\/www.executiveprofiler.fr\/wp-content\/uploads\/2024\/05\/logo-EP-.png","contentUrl":"https:\/\/www.executiveprofiler.fr\/wp-content\/uploads\/2024\/05\/logo-EP-.png","width":1148,"height":578,"caption":"Executive Profiler"},"image":{"@id":"https:\/\/www.executiveprofiler.fr\/#\/schema\/logo\/image\/"},"sameAs":["https:\/\/www.facebook.com\/executiveprofiler","https:\/\/www.linkedin.com\/in\/norrito\/","https:\/\/www.youtube.com\/channel\/UCVzcTreI5uP3M7ty0S_BHsw"]}]}},"acf":[],"_links":{"self":[{"href":"https:\/\/www.executiveprofiler.fr\/index.php\/wp-json\/wp\/v2\/pages\/9993","targetHints":{"allow":["GET"]}}],"collection":[{"href":"https:\/\/www.executiveprofiler.fr\/index.php\/wp-json\/wp\/v2\/pages"}],"about":[{"href":"https:\/\/www.executiveprofiler.fr\/index.php\/wp-json\/wp\/v2\/types\/page"}],"author":[{"embeddable":true,"href":"https:\/\/www.executiveprofiler.fr\/index.php\/wp-json\/wp\/v2\/users\/11"}],"replies":[{"embeddable":true,"href":"https:\/\/www.executiveprofiler.fr\/index.php\/wp-json\/wp\/v2\/comments?post=9993"}],"version-history":[{"count":24,"href":"https:\/\/www.executiveprofiler.fr\/index.php\/wp-json\/wp\/v2\/pages\/9993\/revisions"}],"predecessor-version":[{"id":10270,"href":"https:\/\/www.executiveprofiler.fr\/index.php\/wp-json\/wp\/v2\/pages\/9993\/revisions\/10270"}],"wp:attachment":[{"href":"https:\/\/www.executiveprofiler.fr\/index.php\/wp-json\/wp\/v2\/media?parent=9993"}],"curies":[{"name":"wp","href":"https:\/\/api.w.org\/{rel}","templated":true}]}}