{"id":1741,"date":"2021-06-28T18:35:22","date_gmt":"2021-06-28T16:35:22","guid":{"rendered":"https:\/\/www.executiveprofiler.fr\/?page_id=1741"},"modified":"2024-06-07T10:11:15","modified_gmt":"2024-06-07T08:11:15","slug":"mentions-legales","status":"publish","type":"page","link":"https:\/\/www.executiveprofiler.fr\/index.php\/mentions-legales\/","title":{"rendered":"Mentions L\u00e9gales"},"content":{"rendered":"<p>[et_pb_section fb_built=&#8221;1&#8243; admin_label=&#8221;section&#8221; _builder_version=&#8221;4.17.6&#8243; custom_margin=&#8221;|||&#8221; custom_padding=&#8221;3px|0px|3px|0px||&#8221; hover_enabled=&#8221;0&#8243; global_colors_info=&#8221;{}&#8221; alt=&#8221;Fond blanc et bleu&#8221; title_text=&#8221;Fond de site (2)&#8221; background_image=&#8221;https:\/\/www.executiveprofiler.fr\/wp-content\/uploads\/2024\/03\/Fond-de-site-2.png&#8221; sticky_enabled=&#8221;0&#8243;][et_pb_row _builder_version=&#8221;4.17.6&#8243; _module_preset=&#8221;default&#8221; hover_enabled=&#8221;0&#8243; global_colors_info=&#8221;{}&#8221; background_color=&#8221;#FFFFFF&#8221; custom_padding=&#8221;20px|20px|20px|20px|true|true&#8221; custom_margin=&#8221;20px||20px||true|true&#8221; border_radii=&#8221;on|20px|20px|20px|20px&#8221; box_shadow_style=&#8221;preset1&#8243; sticky_enabled=&#8221;0&#8243;][et_pb_column type=&#8221;4_4&#8243; _builder_version=&#8221;4.16&#8243; _module_preset=&#8221;default&#8221; global_colors_info=&#8221;{}&#8221;][et_pb_text _builder_version=&#8221;4.16&#8243; _module_preset=&#8221;default&#8221; global_colors_info=&#8221;{}&#8221;]<\/p>\n<h2 style=\"text-align: center;\"><span style=\"color: #0b4580;\">Mentions l\u00e9gales<\/span><\/h2>\n<p><span style=\"color: #3366ff;\"><\/span><\/p>\n<p style=\"text-align: center;\">Conform\u00e9ment aux dispositions de la loi n\u00b0 2004-575 du 21 juin 2004 pour la confiance en l\u2019\u00e9conomie<br \/>num\u00e9rique, il est pr\u00e9cis\u00e9 aux utilisateurs du site http:\/\/executiveprofiler.fr\/ l\u2019identit\u00e9 des diff\u00e9rents<br \/>intervenants dans le cadre de sa r\u00e9alisation et de son suivi.<\/p>\n<h2><span style=\"color: #0b4580;\">Editeur<\/span><\/h2>\n<p>\u00a0Le site\u00a0<a href=\"http:\/\/executiveprofiler.fr\">http:\/\/executiveprofiler.fr<\/a>\u00a0(le \u00ab\u00a0<strong>Site<\/strong>\u00a0\u00bb) est \u00e9dit\u00e9 par Executive Profiler (l\u2019\u00a0\u00ab\u00a0<strong>Editeur<\/strong>\u00a0\u00bb), soci\u00e9t\u00e9 \u00e0 responsabilit\u00e9 limit\u00e9e, au capital de 7\u00a0000 \u20ac, dont le si\u00e8ge social est situ\u00e9 45 rue de la Gare, 60560 Orry la Ville, France, immatricul\u00e9e au registre du Commerce et des soci\u00e9t\u00e9s sous le num\u00e9ro 528 961 626\u00a0\u00a0RCS\u00a0COMPIEGNE (SIRET n\u00b0528\u00a0961\u00a0626 00017 et TVA intracommunautaire n\u00b0FR04528961626).<\/p>\n<p>&nbsp;<\/p>\n<h2><span style=\"color: #0b4580;\">Responsables de publication<\/span><\/h2>\n<p>\u00a0Les responsables de publication sont Magali &amp; William Norrito.<\/p>\n<p>&nbsp;<\/p>\n<h2><span style=\"color: #0b4580;\">H\u00e9bergement\u00a0<\/span><\/h2>\n<p>Le Site est h\u00e9berg\u00e9 par OVH SAS, soci\u00e9t\u00e9 par actions simplifi\u00e9es, dont le si\u00e8ge social est situ\u00e9\u00a0 2 rue Kellermann, 59100 Roubaix, France (<a href=\"https:\/\/www.ovh.com\/\">https:\/\/www.ovh.com\/<\/a>). Contact\u00a0par t\u00e9l\u00e9phone (09.72.10.10.07) ou par email (<a href=\"mailto:support@ovh.com\">support@ovh.com<\/a>).<\/p>\n<p>&nbsp;<\/p>\n<h2><span style=\"color: #0b4580;\">Conditions g\u00e9n\u00e9rales d\u2019utilisation\u00a0<\/span><\/h2>\n<p>\u00a0L\u2019acc\u00e8s et l\u2019utilisation du Site sont encadr\u00e9s par nos <strong>Conditions g\u00e9n\u00e9rales d\u2019utilisation<\/strong>\u00a0[rajouter un lien vers la page \u00ab\u00a0Conditions g\u00e9n\u00e9rales d\u2019utilisation\u00a0\u00bb].<\/p>\n<p>\u00a0En utilisant le Site, l\u2019Utilisateur reconna\u00eet et confirme les avoir lues, comprises et accept\u00e9es dans leur int\u00e9gralit\u00e9, et sans aucune r\u00e9serve.<\/p>\n<p>&nbsp;<\/p>\n<h2><span style=\"color: #0b4580;\">Protection des donn\u00e9es personnelles et cookies<\/span><\/h2>\n<p>\u00a0Le traitement\u00a0de vos donn\u00e9es\u00a0\u00e0 caract\u00e8re personnel est r\u00e9gi par notre <strong>Charte de protection des donn\u00e9es personnelles<\/strong>\u00a0[rajouter un lien vers la page \u00ab\u00a0Donn\u00e9es personnelles\u00a0\u00bb] et notre <strong>Politique d\u2019utilisation des cookies<\/strong> [rajouter un lien vers la page \u00ab\u00a0Cookies\u00a0\u00bb], conform\u00e9ment \u00e0 la loi n\u00b078-17 du 6 janvier 1978 relative \u00e0 l\u2019informatique, aux fichiers et aux libert\u00e9s, dans sa version en vigueur, au r\u00e8glement (UE) 2016\/679 du Parlement europ\u00e9en et du Conseil du 27 avril 2016 dit R\u00e8glement G\u00e9n\u00e9ral sur la Protection des Donn\u00e9es (\u00ab\u00a0<strong>RGPD<\/strong>\u00a0\u00bb), ainsi qu\u2019aux recommandations \u00e9mises par la Commission nationale de l\u2019informatique et des libert\u00e9s (\u00ab\u00a0<strong>CNIL<\/strong>\u00a0\u00bb).<\/p>\n<p>&nbsp;<\/p>\n<p>L\u2019Utilisateur du Site dispose d\u2019un droit d\u2019acc\u00e8s, de modification et de suppression des informations collect\u00e9es par Executive Profiler. Pour exercer ce droit, il reviendra \u00e0 l\u2019Utilisateur d\u2019envoyer un message \u00e0 l\u2019adresse suivante :\u00a0<a href=\"mailto:w.norrito@executiveprofiler.net\">w.norrito@executiveprofiler.net<\/a>.<\/p>\n<p>&nbsp;<\/p>\n<blockquote>\n<h2><span style=\"color: #0b4580;\">Nous contacter<\/span><\/h2>\n<\/blockquote>\n<p>Par t\u00e9l\u00e9phone\u00a0: 06.07.21.53.87<\/p>\n<p>Par email\u00a0: <a href=\"mailto:w.norrito@executiveprofiler.net\">w.norrito@executiveprofiler.net<\/a><\/p>\n<p>Par courrier\u00a0: Executive Profiler (SARL), 45 rue de la Gare, 60560 Orry la Ville<\/p>\n<p>[\/et_pb_text][\/et_pb_column][\/et_pb_row][\/et_pb_section]<\/p>\n","protected":false},"excerpt":{"rendered":"<p>Mentions l\u00e9gales Conform\u00e9ment aux dispositions de la loi n\u00b0 2004-575 du 21 juin 2004 pour la confiance en l\u2019\u00e9conomienum\u00e9rique, il est pr\u00e9cis\u00e9 aux utilisateurs du site http:\/\/executiveprofiler.fr\/ l\u2019identit\u00e9 des diff\u00e9rentsintervenants dans le cadre de sa r\u00e9alisation et de son suivi. Editeur \u00a0Le site\u00a0http:\/\/executiveprofiler.fr\u00a0(le \u00ab\u00a0Site\u00a0\u00bb) est \u00e9dit\u00e9 par Executive Profiler (l\u2019\u00a0\u00ab\u00a0Editeur\u00a0\u00bb), soci\u00e9t\u00e9 \u00e0 responsabilit\u00e9 limit\u00e9e, au [&hellip;]<\/p>\n","protected":false},"author":3,"featured_media":0,"parent":0,"menu_order":0,"comment_status":"closed","ping_status":"closed","template":"","meta":{"_et_pb_use_builder":"on","_et_pb_old_content":"","_et_gb_content_width":"","footnotes":""},"class_list":["post-1741","page","type-page","status-publish","hentry"],"yoast_head":"<!-- This site is optimized with the Yoast SEO plugin v27.4 - https:\/\/yoast.com\/product\/yoast-seo-wordpress\/ -->\n<title>Mentions L\u00e9gales - Executive Profiler<\/title>\n<meta name=\"description\" content=\"Consultez les mentions l\u00e9gales du site Executive Profiler pour obtenir des informations juridiques et r\u00e9glementaires.\" \/>\n<meta name=\"robots\" content=\"index, follow, max-snippet:-1, max-image-preview:large, max-video-preview:-1\" \/>\n<link rel=\"canonical\" href=\"https:\/\/www.executiveprofiler.fr\/index.php\/mentions-legales\/\" \/>\n<meta property=\"og:locale\" content=\"fr_FR\" \/>\n<meta property=\"og:type\" content=\"article\" \/>\n<meta property=\"og:title\" content=\"Mentions L\u00e9gales - Executive Profiler\" \/>\n<meta property=\"og:description\" content=\"Consultez les mentions l\u00e9gales du site Executive Profiler pour obtenir des informations juridiques et r\u00e9glementaires.\" \/>\n<meta property=\"og:url\" content=\"https:\/\/www.executiveprofiler.fr\/index.php\/mentions-legales\/\" \/>\n<meta property=\"og:site_name\" content=\"Executive Profiler\" \/>\n<meta property=\"article:publisher\" content=\"https:\/\/www.facebook.com\/executiveprofiler\" \/>\n<meta property=\"article:modified_time\" content=\"2024-06-07T08:11:15+00:00\" \/>\n<meta name=\"twitter:card\" content=\"summary_large_image\" \/>\n<meta name=\"twitter:label1\" content=\"Dur\u00e9e de lecture estim\u00e9e\" \/>\n\t<meta name=\"twitter:data1\" content=\"2 minutes\" \/>\n<script type=\"application\/ld+json\" class=\"yoast-schema-graph\">{\"@context\":\"https:\\\/\\\/schema.org\",\"@graph\":[{\"@type\":\"WebPage\",\"@id\":\"https:\\\/\\\/www.executiveprofiler.fr\\\/index.php\\\/mentions-legales\\\/\",\"url\":\"https:\\\/\\\/www.executiveprofiler.fr\\\/index.php\\\/mentions-legales\\\/\",\"name\":\"Mentions L\u00e9gales - Executive Profiler\",\"isPartOf\":{\"@id\":\"https:\\\/\\\/www.executiveprofiler.fr\\\/#website\"},\"datePublished\":\"2021-06-28T16:35:22+00:00\",\"dateModified\":\"2024-06-07T08:11:15+00:00\",\"description\":\"Consultez les mentions l\u00e9gales du site Executive Profiler pour obtenir des informations juridiques et r\u00e9glementaires.\",\"breadcrumb\":{\"@id\":\"https:\\\/\\\/www.executiveprofiler.fr\\\/index.php\\\/mentions-legales\\\/#breadcrumb\"},\"inLanguage\":\"fr-FR\",\"potentialAction\":[{\"@type\":\"ReadAction\",\"target\":[\"https:\\\/\\\/www.executiveprofiler.fr\\\/index.php\\\/mentions-legales\\\/\"]}]},{\"@type\":\"BreadcrumbList\",\"@id\":\"https:\\\/\\\/www.executiveprofiler.fr\\\/index.php\\\/mentions-legales\\\/#breadcrumb\",\"itemListElement\":[{\"@type\":\"ListItem\",\"position\":1,\"name\":\"Accueil\",\"item\":\"https:\\\/\\\/www.executiveprofiler.fr\\\/\"},{\"@type\":\"ListItem\",\"position\":2,\"name\":\"Mentions L\u00e9gales\"}]},{\"@type\":\"WebSite\",\"@id\":\"https:\\\/\\\/www.executiveprofiler.fr\\\/#website\",\"url\":\"https:\\\/\\\/www.executiveprofiler.fr\\\/\",\"name\":\"Executive Profiler\",\"description\":\"R\u00e9v\u00e9lez votre Talents\",\"publisher\":{\"@id\":\"https:\\\/\\\/www.executiveprofiler.fr\\\/#organization\"},\"potentialAction\":[{\"@type\":\"SearchAction\",\"target\":{\"@type\":\"EntryPoint\",\"urlTemplate\":\"https:\\\/\\\/www.executiveprofiler.fr\\\/?s={search_term_string}\"},\"query-input\":{\"@type\":\"PropertyValueSpecification\",\"valueRequired\":true,\"valueName\":\"search_term_string\"}}],\"inLanguage\":\"fr-FR\"},{\"@type\":\"Organization\",\"@id\":\"https:\\\/\\\/www.executiveprofiler.fr\\\/#organization\",\"name\":\"Executive Profiler\",\"url\":\"https:\\\/\\\/www.executiveprofiler.fr\\\/\",\"logo\":{\"@type\":\"ImageObject\",\"inLanguage\":\"fr-FR\",\"@id\":\"https:\\\/\\\/www.executiveprofiler.fr\\\/#\\\/schema\\\/logo\\\/image\\\/\",\"url\":\"https:\\\/\\\/www.executiveprofiler.fr\\\/wp-content\\\/uploads\\\/2024\\\/05\\\/logo-EP-.png\",\"contentUrl\":\"https:\\\/\\\/www.executiveprofiler.fr\\\/wp-content\\\/uploads\\\/2024\\\/05\\\/logo-EP-.png\",\"width\":1148,\"height\":578,\"caption\":\"Executive Profiler\"},\"image\":{\"@id\":\"https:\\\/\\\/www.executiveprofiler.fr\\\/#\\\/schema\\\/logo\\\/image\\\/\"},\"sameAs\":[\"https:\\\/\\\/www.facebook.com\\\/executiveprofiler\",\"https:\\\/\\\/www.linkedin.com\\\/in\\\/norrito\\\/\",\"https:\\\/\\\/www.youtube.com\\\/channel\\\/UCVzcTreI5uP3M7ty0S_BHsw\"]}]}<\/script>\n<!-- \/ Yoast SEO plugin. -->","yoast_head_json":{"title":"Mentions L\u00e9gales - Executive Profiler","description":"Consultez les mentions l\u00e9gales du site Executive Profiler pour obtenir des informations juridiques et r\u00e9glementaires.","robots":{"index":"index","follow":"follow","max-snippet":"max-snippet:-1","max-image-preview":"max-image-preview:large","max-video-preview":"max-video-preview:-1"},"canonical":"https:\/\/www.executiveprofiler.fr\/index.php\/mentions-legales\/","og_locale":"fr_FR","og_type":"article","og_title":"Mentions L\u00e9gales - Executive Profiler","og_description":"Consultez les mentions l\u00e9gales du site Executive Profiler pour obtenir des informations juridiques et r\u00e9glementaires.","og_url":"https:\/\/www.executiveprofiler.fr\/index.php\/mentions-legales\/","og_site_name":"Executive Profiler","article_publisher":"https:\/\/www.facebook.com\/executiveprofiler","article_modified_time":"2024-06-07T08:11:15+00:00","twitter_card":"summary_large_image","twitter_misc":{"Dur\u00e9e de lecture estim\u00e9e":"2 minutes"},"schema":{"@context":"https:\/\/schema.org","@graph":[{"@type":"WebPage","@id":"https:\/\/www.executiveprofiler.fr\/index.php\/mentions-legales\/","url":"https:\/\/www.executiveprofiler.fr\/index.php\/mentions-legales\/","name":"Mentions L\u00e9gales - Executive Profiler","isPartOf":{"@id":"https:\/\/www.executiveprofiler.fr\/#website"},"datePublished":"2021-06-28T16:35:22+00:00","dateModified":"2024-06-07T08:11:15+00:00","description":"Consultez les mentions l\u00e9gales du site Executive Profiler pour obtenir des informations juridiques et r\u00e9glementaires.","breadcrumb":{"@id":"https:\/\/www.executiveprofiler.fr\/index.php\/mentions-legales\/#breadcrumb"},"inLanguage":"fr-FR","potentialAction":[{"@type":"ReadAction","target":["https:\/\/www.executiveprofiler.fr\/index.php\/mentions-legales\/"]}]},{"@type":"BreadcrumbList","@id":"https:\/\/www.executiveprofiler.fr\/index.php\/mentions-legales\/#breadcrumb","itemListElement":[{"@type":"ListItem","position":1,"name":"Accueil","item":"https:\/\/www.executiveprofiler.fr\/"},{"@type":"ListItem","position":2,"name":"Mentions L\u00e9gales"}]},{"@type":"WebSite","@id":"https:\/\/www.executiveprofiler.fr\/#website","url":"https:\/\/www.executiveprofiler.fr\/","name":"Executive Profiler","description":"R\u00e9v\u00e9lez votre Talents","publisher":{"@id":"https:\/\/www.executiveprofiler.fr\/#organization"},"potentialAction":[{"@type":"SearchAction","target":{"@type":"EntryPoint","urlTemplate":"https:\/\/www.executiveprofiler.fr\/?s={search_term_string}"},"query-input":{"@type":"PropertyValueSpecification","valueRequired":true,"valueName":"search_term_string"}}],"inLanguage":"fr-FR"},{"@type":"Organization","@id":"https:\/\/www.executiveprofiler.fr\/#organization","name":"Executive Profiler","url":"https:\/\/www.executiveprofiler.fr\/","logo":{"@type":"ImageObject","inLanguage":"fr-FR","@id":"https:\/\/www.executiveprofiler.fr\/#\/schema\/logo\/image\/","url":"https:\/\/www.executiveprofiler.fr\/wp-content\/uploads\/2024\/05\/logo-EP-.png","contentUrl":"https:\/\/www.executiveprofiler.fr\/wp-content\/uploads\/2024\/05\/logo-EP-.png","width":1148,"height":578,"caption":"Executive Profiler"},"image":{"@id":"https:\/\/www.executiveprofiler.fr\/#\/schema\/logo\/image\/"},"sameAs":["https:\/\/www.facebook.com\/executiveprofiler","https:\/\/www.linkedin.com\/in\/norrito\/","https:\/\/www.youtube.com\/channel\/UCVzcTreI5uP3M7ty0S_BHsw"]}]}},"acf":[],"_links":{"self":[{"href":"https:\/\/www.executiveprofiler.fr\/index.php\/wp-json\/wp\/v2\/pages\/1741","targetHints":{"allow":["GET"]}}],"collection":[{"href":"https:\/\/www.executiveprofiler.fr\/index.php\/wp-json\/wp\/v2\/pages"}],"about":[{"href":"https:\/\/www.executiveprofiler.fr\/index.php\/wp-json\/wp\/v2\/types\/page"}],"author":[{"embeddable":true,"href":"https:\/\/www.executiveprofiler.fr\/index.php\/wp-json\/wp\/v2\/users\/3"}],"replies":[{"embeddable":true,"href":"https:\/\/www.executiveprofiler.fr\/index.php\/wp-json\/wp\/v2\/comments?post=1741"}],"version-history":[{"count":10,"href":"https:\/\/www.executiveprofiler.fr\/index.php\/wp-json\/wp\/v2\/pages\/1741\/revisions"}],"predecessor-version":[{"id":10294,"href":"https:\/\/www.executiveprofiler.fr\/index.php\/wp-json\/wp\/v2\/pages\/1741\/revisions\/10294"}],"wp:attachment":[{"href":"https:\/\/www.executiveprofiler.fr\/index.php\/wp-json\/wp\/v2\/media?parent=1741"}],"curies":[{"name":"wp","href":"https:\/\/api.w.org\/{rel}","templated":true}]}}